{"id":27221,"date":"2017-05-30T16:43:03","date_gmt":"2017-05-30T16:43:03","guid":{"rendered":"https:\/\/escolaraiz.pt\/pt\/?page_id=27221"},"modified":"2025-08-01T14:24:44","modified_gmt":"2025-08-01T14:24:44","slug":"natureza","status":"publish","type":"page","link":"https:\/\/escolaraiz.pt\/pt\/natureza\/","title":{"rendered":"Natureza"},"content":{"rendered":"<div class=\"wpb-content-wrapper\"><p>[vc_row full_width=&#8221;stretch_row&#8221; css=&#8221;.vc_custom_1499874510952{padding-top: 40px !important;}&#8221;][vc_column][vc_single_image image=&#8221;30946&#8243; img_size=&#8221;full&#8221; css=&#8221;&#8221;][vc_column_text]A crian\u00e7a precisa de se envolver com a natureza para a amar, para a cativar, para se deixar cativar, e para com ela criar simbiose tornando-se natural o respeito e o cuidado pelo meio ambiente.[\/vc_column_text][\/vc_column][\/vc_row][vc_row][vc_column width=&#8221;1\/4&#8243;][vc_single_image image=&#8221;27646&#8243; img_size=&#8221;342&#215;614&#8243;][\/vc_column][vc_column width=&#8221;3\/4&#8243;][vc_single_image image=&#8221;27650&#8243; img_size=&#8221;full&#8221;][vc_column_text css=&#8221;.vc_custom_1707322550984{margin-top: -30px !important;}&#8221;]Promovemos este contacto pr\u00f3ximo dentro da sala de aula, no exterior da escola e nos espa\u00e7os naturais pr\u00f3ximos da escola.[\/vc_column_text][vc_single_image image=&#8221;30767&#8243; img_size=&#8221;full&#8221;][vc_column_text css=&#8221;.vc_custom_1707322628974{margin-top: -30px !important;}&#8221;]As crian\u00e7as e colaboradores que t\u00eam animais, trazem-nos regularmente \u00e0 escola para os colegas os conhecerem e os verem como membros da fam\u00edlia. \u00c9 comum encontrar animais nas salas e no recreio e s\u00e3o v\u00e1rios os que passam dias inteiros na Raiz.[\/vc_column_text][vc_single_image image=&#8221;30766&#8243; img_size=&#8221;full&#8221;][vc_column_text css=&#8221;.vc_custom_1707322813289{margin-top: -30px !important;}&#8221;]Temos uma horta cuidada por todos. Os alunos est\u00e3o envolvidos em todo o processo, desde a compra da terra at\u00e9 \u00e0 entrega dos vegetais \u00e0 equipa da cozinha.<\/p>\n<p>[\/vc_column_text][vc_single_image image=&#8221;30769&#8243; img_size=&#8221;full&#8221;][vc_column_text css=&#8221;.vc_custom_1707325361139{margin-top: -30px !important;}&#8221;]Todas as salas t\u00eam, pelo menos, uma planta de companhia. Cada turma cria as suas rotinas de cuidar da planta. Conhecem as suas prefer\u00eancias e com um olhar atento escolhem o melhor local, a quantidade de \u00e1gua certa na rega, o momento de adubar, entre outros.[\/vc_column_text][\/vc_column][\/vc_row][vc_row css=&#8221;.vc_custom_1499874770786{padding-bottom: -20px !important;}&#8221;][vc_column][vc_single_image image=&#8221;27815&#8243; img_size=&#8221;full&#8221; alignment=&#8221;center&#8221; css=&#8221;.vc_custom_1500376094461{margin-bottom: -10px !important;border-bottom-width: -10px !important;padding-bottom: -10px !important;}&#8221;][\/vc_column][\/vc_row][vc_row full_width=&#8221;stretch_row&#8221; css=&#8221;.vc_custom_1499874785549{padding-top: -20px !important;padding-bottom: 40px !important;background-color: #00457c !important;}&#8221;][vc_column][vc_single_image image=&#8221;27452&#8243; img_size=&#8221;large&#8221; alignment=&#8221;center&#8221; onclick=&#8221;custom_link&#8221; css_animation=&#8221;fadeIn&#8221; css=&#8221;.vc_custom_1500550675222{background-color: #00457c !important;}&#8221; link=&#8221;https:\/\/escolaraiz.pt\/pt\/contactos\/&#8221;][\/vc_column][\/vc_row]<\/p>\n<\/div>","protected":false},"excerpt":{"rendered":"<p>[vc_row full_width=&#8221;stretch_row&#8221; css=&#8221;.vc_custom_1499874510952{padding-top: 40px !important;}&#8221;][vc_column][vc_single_image image=&#8221;30946&#8243; img_size=&#8221;full&#8221; css=&#8221;&#8221;][vc_column_text]A crian\u00e7a precisa de se envolver com a natureza para a amar, para a cativar, para se deixar cativar, e para com ela criar simbiose tornando-se natural o respeito e o cuidado pelo meio ambiente.[\/vc_column_text][\/vc_column][\/vc_row][vc_row][vc_column width=&#8221;1\/4&#8243;][vc_single_image image=&#8221;27646&#8243; img_size=&#8221;342&#215;614&#8243;][\/vc_column][vc_column width=&#8221;3\/4&#8243;][vc_single_image image=&#8221;27650&#8243; img_size=&#8221;full&#8221;][vc_column_text css=&#8221;.vc_custom_1707322550984{margin-top: -30px !important;}&#8221;]Promovemos este contacto pr\u00f3ximo dentro<\/p>\n","protected":false},"author":1,"featured_media":0,"parent":0,"menu_order":0,"comment_status":"closed","ping_status":"closed","template":"","meta":{"footnotes":""},"class_list":["post-27221","page","type-page","status-publish","hentry"],"yoast_head":"<!-- This site is optimized with the Yoast SEO plugin v27.5 - https:\/\/yoast.com\/product\/yoast-seo-wordpress\/ -->\n<title>Natureza - Raiz<\/title>\n<meta name=\"description\" content=\"A crian\u00e7a precisa de se envolver com a natureza para a amar\" \/>\n<meta name=\"robots\" content=\"index, follow, max-snippet:-1, max-image-preview:large, max-video-preview:-1\" \/>\n<link rel=\"canonical\" href=\"https:\/\/escolaraiz.pt\/pt\/natureza\/\" \/>\n<meta name=\"twitter:card\" content=\"summary_large_image\" \/>\n<meta name=\"twitter:title\" content=\"Natureza\" \/>\n<meta name=\"twitter:description\" content=\"A crian\u00e7a precisa de se envolver com a natureza para a amar\" \/>\n<meta name=\"twitter:image\" content=\"https:\/\/escolaraiz.pt\/pt\/wp-content\/uploads\/2023\/02\/WhatsApp-Image-2023-01-27-at-16.25.49-1.jpeg\" \/>\n<meta name=\"twitter:label1\" content=\"Tempo estimado de leitura\" \/>\n\t<meta name=\"twitter:data1\" content=\"3 minutos\" \/>\n<script type=\"application\/ld+json\" class=\"yoast-schema-graph\">{\"@context\":\"https:\\\/\\\/schema.org\",\"@graph\":[{\"@type\":\"WebPage\",\"@id\":\"https:\\\/\\\/escolaraiz.pt\\\/pt\\\/natureza\\\/\",\"url\":\"https:\\\/\\\/escolaraiz.pt\\\/pt\\\/natureza\\\/\",\"name\":\"Natureza - Raiz\",\"isPartOf\":{\"@id\":\"https:\\\/\\\/escolaraiz.pt\\\/pt\\\/#website\"},\"datePublished\":\"2017-05-30T16:43:03+00:00\",\"dateModified\":\"2025-08-01T14:24:44+00:00\",\"description\":\"A crian\u00e7a precisa de se envolver com a natureza para a amar\",\"breadcrumb\":{\"@id\":\"https:\\\/\\\/escolaraiz.pt\\\/pt\\\/natureza\\\/#breadcrumb\"},\"inLanguage\":\"pt-PT\",\"potentialAction\":[{\"@type\":\"ReadAction\",\"target\":[\"https:\\\/\\\/escolaraiz.pt\\\/pt\\\/natureza\\\/\"]}]},{\"@type\":\"BreadcrumbList\",\"@id\":\"https:\\\/\\\/escolaraiz.pt\\\/pt\\\/natureza\\\/#breadcrumb\",\"itemListElement\":[{\"@type\":\"ListItem\",\"position\":1,\"name\":\"In\u00edcio\",\"item\":\"https:\\\/\\\/escolaraiz.pt\\\/pt\\\/\"},{\"@type\":\"ListItem\",\"position\":2,\"name\":\"Natureza\"}]},{\"@type\":\"WebSite\",\"@id\":\"https:\\\/\\\/escolaraiz.pt\\\/pt\\\/#website\",\"url\":\"https:\\\/\\\/escolaraiz.pt\\\/pt\\\/\",\"name\":\"Raiz\",\"description\":\"Active Learning School\",\"potentialAction\":[{\"@type\":\"SearchAction\",\"target\":{\"@type\":\"EntryPoint\",\"urlTemplate\":\"https:\\\/\\\/escolaraiz.pt\\\/pt\\\/?s={search_term_string}\"},\"query-input\":{\"@type\":\"PropertyValueSpecification\",\"valueRequired\":true,\"valueName\":\"search_term_string\"}}],\"inLanguage\":\"pt-PT\"}]}<\/script>\n<!-- \/ Yoast SEO plugin. -->","yoast_head_json":{"title":"Natureza - Raiz","description":"A crian\u00e7a precisa de se envolver com a natureza para a amar","robots":{"index":"index","follow":"follow","max-snippet":"max-snippet:-1","max-image-preview":"max-image-preview:large","max-video-preview":"max-video-preview:-1"},"canonical":"https:\/\/escolaraiz.pt\/pt\/natureza\/","twitter_card":"summary_large_image","twitter_title":"Natureza","twitter_description":"A crian\u00e7a precisa de se envolver com a natureza para a amar","twitter_image":"https:\/\/escolaraiz.pt\/pt\/wp-content\/uploads\/2023\/02\/WhatsApp-Image-2023-01-27-at-16.25.49-1.jpeg","twitter_misc":{"Tempo estimado de leitura":"3 minutos"},"schema":{"@context":"https:\/\/schema.org","@graph":[{"@type":"WebPage","@id":"https:\/\/escolaraiz.pt\/pt\/natureza\/","url":"https:\/\/escolaraiz.pt\/pt\/natureza\/","name":"Natureza - Raiz","isPartOf":{"@id":"https:\/\/escolaraiz.pt\/pt\/#website"},"datePublished":"2017-05-30T16:43:03+00:00","dateModified":"2025-08-01T14:24:44+00:00","description":"A crian\u00e7a precisa de se envolver com a natureza para a amar","breadcrumb":{"@id":"https:\/\/escolaraiz.pt\/pt\/natureza\/#breadcrumb"},"inLanguage":"pt-PT","potentialAction":[{"@type":"ReadAction","target":["https:\/\/escolaraiz.pt\/pt\/natureza\/"]}]},{"@type":"BreadcrumbList","@id":"https:\/\/escolaraiz.pt\/pt\/natureza\/#breadcrumb","itemListElement":[{"@type":"ListItem","position":1,"name":"In\u00edcio","item":"https:\/\/escolaraiz.pt\/pt\/"},{"@type":"ListItem","position":2,"name":"Natureza"}]},{"@type":"WebSite","@id":"https:\/\/escolaraiz.pt\/pt\/#website","url":"https:\/\/escolaraiz.pt\/pt\/","name":"Raiz","description":"Active Learning School","potentialAction":[{"@type":"SearchAction","target":{"@type":"EntryPoint","urlTemplate":"https:\/\/escolaraiz.pt\/pt\/?s={search_term_string}"},"query-input":{"@type":"PropertyValueSpecification","valueRequired":true,"valueName":"search_term_string"}}],"inLanguage":"pt-PT"}]}},"_links":{"self":[{"href":"https:\/\/escolaraiz.pt\/pt\/wp-json\/wp\/v2\/pages\/27221","targetHints":{"allow":["GET"]}}],"collection":[{"href":"https:\/\/escolaraiz.pt\/pt\/wp-json\/wp\/v2\/pages"}],"about":[{"href":"https:\/\/escolaraiz.pt\/pt\/wp-json\/wp\/v2\/types\/page"}],"author":[{"embeddable":true,"href":"https:\/\/escolaraiz.pt\/pt\/wp-json\/wp\/v2\/users\/1"}],"replies":[{"embeddable":true,"href":"https:\/\/escolaraiz.pt\/pt\/wp-json\/wp\/v2\/comments?post=27221"}],"version-history":[{"count":16,"href":"https:\/\/escolaraiz.pt\/pt\/wp-json\/wp\/v2\/pages\/27221\/revisions"}],"predecessor-version":[{"id":30950,"href":"https:\/\/escolaraiz.pt\/pt\/wp-json\/wp\/v2\/pages\/27221\/revisions\/30950"}],"wp:attachment":[{"href":"https:\/\/escolaraiz.pt\/pt\/wp-json\/wp\/v2\/media?parent=27221"}],"curies":[{"name":"wp","href":"https:\/\/api.w.org\/{rel}","templated":true}]}}

<div class="wpb-content-wrapper"><p>[vc_row full_width=&#8221;stretch_row&#8221; css=&#8221;.vc_custom_1499874510952{padding-top: 40px !important;}&#8221;][vc_column][vc_single_image image=&#8221;30946&#8243; img_size=&#8221;full&#8221; css=&#8221;&#8221;][vc_column_text]A criança precisa de se envolver com a natureza para a amar, para a cativar, para se deixar cativar, e para com ela criar simbiose tornando-se natural o respeito e o cuidado pelo meio ambiente.[/vc_column_text][/vc_column][/vc_row][vc_row][vc_column width=&#8221;1/4&#8243;][vc_single_image image=&#8221;27646&#8243; img_size=&#8221;342&#215;614&#8243;][/vc_column][vc_column width=&#8221;3/4&#8243;][vc_single_image image=&#8221;27650&#8243; img_size=&#8221;full&#8221;][vc_column_text css=&#8221;.vc_custom_1707322550984{margin-top: -30px !important;}&#8221;]Promovemos este contacto próximo dentro da sala de aula, no exterior da escola e nos espaços naturais próximos da escola.[/vc_column_text][vc_single_image image=&#8221;30767&#8243; img_size=&#8221;full&#8221;][vc_column_text css=&#8221;.vc_custom_1707322628974{margin-top: -30px !important;}&#8221;]As crianças e colaboradores que têm animais, trazem-nos regularmente à escola para os colegas os conhecerem e os verem como membros da família. É comum encontrar animais nas salas e no recreio e são vários os que passam dias inteiros na Raiz.[/vc_column_text][vc_single_image image=&#8221;30766&#8243; img_size=&#8221;full&#8221;][vc_column_text css=&#8221;.vc_custom_1707322813289{margin-top: -30px !important;}&#8221;]Temos uma horta cuidada por todos. Os alunos estão envolvidos em todo o processo, desde a compra da terra até à entrega dos vegetais à equipa da cozinha.</p>
<p>[/vc_column_text][vc_single_image image=&#8221;30769&#8243; img_size=&#8221;full&#8221;][vc_column_text css=&#8221;.vc_custom_1707325361139{margin-top: -30px !important;}&#8221;]Todas as salas têm, pelo menos, uma planta de companhia. Cada turma cria as suas rotinas de cuidar da planta. Conhecem as suas preferências e com um olhar atento escolhem o melhor local, a quantidade de água certa na rega, o momento de adubar, entre outros.[/vc_column_text][/vc_column][/vc_row][vc_row css=&#8221;.vc_custom_1499874770786{padding-bottom: -20px !important;}&#8221;][vc_column][vc_single_image image=&#8221;27815&#8243; img_size=&#8221;full&#8221; alignment=&#8221;center&#8221; css=&#8221;.vc_custom_1500376094461{margin-bottom: -10px !important;border-bottom-width: -10px !important;padding-bottom: -10px !important;}&#8221;][/vc_column][/vc_row][vc_row full_width=&#8221;stretch_row&#8221; css=&#8221;.vc_custom_1499874785549{padding-top: -20px !important;padding-bottom: 40px !important;background-color: #00457c !important;}&#8221;][vc_column][vc_single_image image=&#8221;27452&#8243; img_size=&#8221;large&#8221; alignment=&#8221;center&#8221; onclick=&#8221;custom_link&#8221; css_animation=&#8221;fadeIn&#8221; css=&#8221;.vc_custom_1500550675222{background-color: #00457c !important;}&#8221; link=&#8221;https://escolaraiz.pt/pt/contactos/&#8221;][/vc_column][/vc_row]</p>
</div>

<p>[vc_row full_width=&#8221;stretch_row&#8221; css=&#8221;.vc_custom_1499874510952{padding-top: 40px !important;}&#8221;][vc_column][vc_single_image image=&#8221;30946&#8243; img_size=&#8221;full&#8221; css=&#8221;&#8221;][vc_column_text]A criança precisa de se envolver com a natureza para a amar, para a cativar, para se deixar cativar, e para com ela criar simbiose tornando-se natural o respeito e o cuidado pelo meio ambiente.[/vc_column_text][/vc_column][/vc_row][vc_row][vc_column width=&#8221;1/4&#8243;][vc_single_image image=&#8221;27646&#8243; img_size=&#8221;342&#215;614&#8243;][/vc_column][vc_column width=&#8221;3/4&#8243;][vc_single_image image=&#8221;27650&#8243; img_size=&#8221;full&#8221;][vc_column_text css=&#8221;.vc_custom_1707322550984{margin-top: -30px !important;}&#8221;]Promovemos este contacto próximo dentro</p>

<!-- This site is optimized with the Yoast SEO plugin v27.5 - https://yoast.com/product/yoast-seo-wordpress/ -->
<title>Natureza - Raiz</title>
<meta name="description" content="A criança precisa de se envolver com a natureza para a amar" />
<meta name="robots" content="index, follow, max-snippet:-1, max-image-preview:large, max-video-preview:-1" />
<link rel="canonical" href="https://escolaraiz.pt/pt/natureza/" />
<meta name="twitter:card" content="summary_large_image" />
<meta name="twitter:title" content="Natureza" />
<meta name="twitter:description" content="A criança precisa de se envolver com a natureza para a amar" />
<meta name="twitter:image" content="https://escolaraiz.pt/pt/wp-content/uploads/2023/02/WhatsApp-Image-2023-01-27-at-16.25.49-1.jpeg" />
<meta name="twitter:label1" content="Tempo estimado de leitura" />
	<meta name="twitter:data1" content="3 minutos" />
<script type="application/ld+json" class="yoast-schema-graph">{"@context":"https:\/\/schema.org","@graph":[{"@type":"WebPage","@id":"https:\/\/escolaraiz.pt\/pt\/natureza\/","url":"https:\/\/escolaraiz.pt\/pt\/natureza\/","name":"Natureza - Raiz","isPartOf":{"@id":"https:\/\/escolaraiz.pt\/pt\/#website"},"datePublished":"2017-05-30T16:43:03+00:00","dateModified":"2025-08-01T14:24:44+00:00","description":"A criança precisa de se envolver com a natureza para a amar","breadcrumb":{"@id":"https:\/\/escolaraiz.pt\/pt\/natureza\/#breadcrumb"},"inLanguage":"pt-PT","potentialAction":[{"@type":"ReadAction","target":["https:\/\/escolaraiz.pt\/pt\/natureza\/"]}]},{"@type":"BreadcrumbList","@id":"https:\/\/escolaraiz.pt\/pt\/natureza\/#breadcrumb","itemListElement":[{"@type":"ListItem","position":1,"name":"Início","item":"https:\/\/escolaraiz.pt\/pt\/"},{"@type":"ListItem","position":2,"name":"Natureza"}]},{"@type":"WebSite","@id":"https:\/\/escolaraiz.pt\/pt\/#website","url":"https:\/\/escolaraiz.pt\/pt\/","name":"Raiz","description":"Active Learning School","potentialAction":[{"@type":"SearchAction","target":{"@type":"EntryPoint","urlTemplate":"https:\/\/escolaraiz.pt\/pt\/?s={search_term_string}"},"query-input":{"@type":"PropertyValueSpecification","valueRequired":true,"valueName":"search_term_string"}}],"inLanguage":"pt-PT"}]}</script>
<!-- / Yoast SEO plugin. -->

A criança precisa de se envolver com a natureza para a amar

Início
