{"id":27109,"date":"2017-05-29T17:05:19","date_gmt":"2017-05-29T17:05:19","guid":{"rendered":"https:\/\/escolaraiz.pt\/pt\/?page_id=27109"},"modified":"2025-05-23T09:34:40","modified_gmt":"2025-05-23T09:34:40","slug":"transporte","status":"publish","type":"page","link":"https:\/\/escolaraiz.pt\/pt\/transporte\/","title":{"rendered":"Transporte"},"content":{"rendered":"<div class=\"wpb-content-wrapper\"><p>[vc_row][vc_column][vc_empty_space height=&#8221;60px&#8221;][\/vc_column][\/vc_row][vc_row css=&#8221;.vc_custom_1483088684231{padding-top: 40px !important;}&#8221;][vc_column width=&#8221;1\/2&#8243;][vc_single_image image=&#8221;27514&#8243; img_size=&#8221;full&#8221;][vc_column_text]A Raiz disp\u00f5e de um autocarro de 33 lugares e de uma carrinha de 9 lugares para o transporte dos alunos para as atividades fora das instala\u00e7\u00f5es. Para n\u00fameros superiores, a Raiz disp\u00f5e de uma bolsa de empresas com quem trabalha regularmente e que oferecem todas as condi\u00e7\u00f5es para um transporte de qualidade e seguran\u00e7a.<\/p>\n<p>Estes autocarros servem tamb\u00e9m para levarmos o seu filho a casa ao final do dia com todo o conforto e seguran\u00e7a.<\/p>\n<p>Que percurso fazemos? Basta <a href=\"tel:+351 213 042 080\">ligar<\/a> ou enviar-nos uma <a href=\"https:\/\/escolaraiz.pt\/pt\/contactos\/\">mensagem<\/a>.[\/vc_column_text][vc_media_grid grid_id=&#8221;vc_gid:1707305122329-08596e87-0754-10&#8243; include=&#8221;28024,28025,28026,28027,28028&#8243;][\/vc_column][vc_column width=&#8221;1\/2&#8243;][vc_single_image image=&#8221;27110&#8243; img_size=&#8221;500&#8243;][\/vc_column][\/vc_row][vc_row full_width=&#8221;stretch_row&#8221; css=&#8221;.vc_custom_1499686198254{padding-top: 20px !important;padding-bottom: 20px !important;background-color: #00457c !important;}&#8221;][vc_column][vc_single_image image=&#8221;27516&#8243; img_size=&#8221;large&#8221; alignment=&#8221;center&#8221; onclick=&#8221;custom_link&#8221; css_animation=&#8221;fadeIn&#8221; css=&#8221;.vc_custom_1500549050555{background-color: #00457c !important;}&#8221; link=&#8221;https:\/\/escolaraiz.pt\/pt\/contactos\/&#8221;][\/vc_column][\/vc_row]<\/p>\n<\/div>","protected":false},"excerpt":{"rendered":"<p>[vc_row][vc_column][vc_empty_space height=&#8221;60px&#8221;][\/vc_column][\/vc_row][vc_row css=&#8221;.vc_custom_1483088684231{padding-top: 40px !important;}&#8221;][vc_column width=&#8221;1\/2&#8243;][vc_single_image image=&#8221;27514&#8243; img_size=&#8221;full&#8221;][vc_column_text]A Raiz disp\u00f5e de um autocarro de 33 lugares e de uma carrinha de 9 lugares para o transporte dos alunos para as atividades fora das instala\u00e7\u00f5es. Para n\u00fameros superiores, a Raiz disp\u00f5e de uma bolsa de empresas com quem trabalha regularmente e que oferecem todas as condi\u00e7\u00f5es<\/p>\n","protected":false},"author":1,"featured_media":0,"parent":0,"menu_order":0,"comment_status":"closed","ping_status":"closed","template":"","meta":{"footnotes":""},"class_list":["post-27109","page","type-page","status-publish","hentry"],"yoast_head":"<!-- This site is optimized with the Yoast SEO plugin v27.5 - https:\/\/yoast.com\/product\/yoast-seo-wordpress\/ -->\n<title>Transporte - Raiz<\/title>\n<meta name=\"robots\" content=\"index, follow, max-snippet:-1, max-image-preview:large, max-video-preview:-1\" \/>\n<link rel=\"canonical\" href=\"https:\/\/escolaraiz.pt\/pt\/transporte\/\" \/>\n<meta name=\"twitter:card\" content=\"summary_large_image\" \/>\n<meta name=\"twitter:title\" content=\"Transporte - Raiz\" \/>\n<meta name=\"twitter:description\" content=\"[vc_row][vc_column][vc_empty_space height=&#8221;60px&#8221;][\/vc_column][\/vc_row][vc_row css=&#8221;.vc_custom_1483088684231{padding-top: 40px !important;}&#8221;][vc_column width=&#8221;1\/2&#8243;][vc_single_image image=&#8221;27514&#8243; img_size=&#8221;full&#8221;][vc_column_text]A Raiz disp\u00f5e de um autocarro de 33 lugares e de uma carrinha de 9 lugares para o transporte dos alunos para as atividades fora das instala\u00e7\u00f5es. Para n\u00fameros superiores, a Raiz disp\u00f5e de uma bolsa de empresas com quem trabalha regularmente e que oferecem todas as condi\u00e7\u00f5es\" \/>\n<meta name=\"twitter:label1\" content=\"Tempo estimado de leitura\" \/>\n\t<meta name=\"twitter:data1\" content=\"1 minuto\" \/>\n<script type=\"application\/ld+json\" class=\"yoast-schema-graph\">{\"@context\":\"https:\\\/\\\/schema.org\",\"@graph\":[{\"@type\":\"WebPage\",\"@id\":\"https:\\\/\\\/escolaraiz.pt\\\/pt\\\/transporte\\\/\",\"url\":\"https:\\\/\\\/escolaraiz.pt\\\/pt\\\/transporte\\\/\",\"name\":\"Transporte - Raiz\",\"isPartOf\":{\"@id\":\"https:\\\/\\\/escolaraiz.pt\\\/pt\\\/#website\"},\"datePublished\":\"2017-05-29T17:05:19+00:00\",\"dateModified\":\"2025-05-23T09:34:40+00:00\",\"breadcrumb\":{\"@id\":\"https:\\\/\\\/escolaraiz.pt\\\/pt\\\/transporte\\\/#breadcrumb\"},\"inLanguage\":\"pt-PT\",\"potentialAction\":[{\"@type\":\"ReadAction\",\"target\":[\"https:\\\/\\\/escolaraiz.pt\\\/pt\\\/transporte\\\/\"]}]},{\"@type\":\"BreadcrumbList\",\"@id\":\"https:\\\/\\\/escolaraiz.pt\\\/pt\\\/transporte\\\/#breadcrumb\",\"itemListElement\":[{\"@type\":\"ListItem\",\"position\":1,\"name\":\"In\u00edcio\",\"item\":\"https:\\\/\\\/escolaraiz.pt\\\/pt\\\/\"},{\"@type\":\"ListItem\",\"position\":2,\"name\":\"Transporte\"}]},{\"@type\":\"WebSite\",\"@id\":\"https:\\\/\\\/escolaraiz.pt\\\/pt\\\/#website\",\"url\":\"https:\\\/\\\/escolaraiz.pt\\\/pt\\\/\",\"name\":\"Raiz\",\"description\":\"Active Learning School\",\"potentialAction\":[{\"@type\":\"SearchAction\",\"target\":{\"@type\":\"EntryPoint\",\"urlTemplate\":\"https:\\\/\\\/escolaraiz.pt\\\/pt\\\/?s={search_term_string}\"},\"query-input\":{\"@type\":\"PropertyValueSpecification\",\"valueRequired\":true,\"valueName\":\"search_term_string\"}}],\"inLanguage\":\"pt-PT\"}]}<\/script>\n<!-- \/ Yoast SEO plugin. -->","yoast_head_json":{"title":"Transporte - Raiz","robots":{"index":"index","follow":"follow","max-snippet":"max-snippet:-1","max-image-preview":"max-image-preview:large","max-video-preview":"max-video-preview:-1"},"canonical":"https:\/\/escolaraiz.pt\/pt\/transporte\/","twitter_card":"summary_large_image","twitter_title":"Transporte - Raiz","twitter_description":"[vc_row][vc_column][vc_empty_space height=&#8221;60px&#8221;][\/vc_column][\/vc_row][vc_row css=&#8221;.vc_custom_1483088684231{padding-top: 40px !important;}&#8221;][vc_column width=&#8221;1\/2&#8243;][vc_single_image image=&#8221;27514&#8243; img_size=&#8221;full&#8221;][vc_column_text]A Raiz disp\u00f5e de um autocarro de 33 lugares e de uma carrinha de 9 lugares para o transporte dos alunos para as atividades fora das instala\u00e7\u00f5es. Para n\u00fameros superiores, a Raiz disp\u00f5e de uma bolsa de empresas com quem trabalha regularmente e que oferecem todas as condi\u00e7\u00f5es","twitter_misc":{"Tempo estimado de leitura":"1 minuto"},"schema":{"@context":"https:\/\/schema.org","@graph":[{"@type":"WebPage","@id":"https:\/\/escolaraiz.pt\/pt\/transporte\/","url":"https:\/\/escolaraiz.pt\/pt\/transporte\/","name":"Transporte - Raiz","isPartOf":{"@id":"https:\/\/escolaraiz.pt\/pt\/#website"},"datePublished":"2017-05-29T17:05:19+00:00","dateModified":"2025-05-23T09:34:40+00:00","breadcrumb":{"@id":"https:\/\/escolaraiz.pt\/pt\/transporte\/#breadcrumb"},"inLanguage":"pt-PT","potentialAction":[{"@type":"ReadAction","target":["https:\/\/escolaraiz.pt\/pt\/transporte\/"]}]},{"@type":"BreadcrumbList","@id":"https:\/\/escolaraiz.pt\/pt\/transporte\/#breadcrumb","itemListElement":[{"@type":"ListItem","position":1,"name":"In\u00edcio","item":"https:\/\/escolaraiz.pt\/pt\/"},{"@type":"ListItem","position":2,"name":"Transporte"}]},{"@type":"WebSite","@id":"https:\/\/escolaraiz.pt\/pt\/#website","url":"https:\/\/escolaraiz.pt\/pt\/","name":"Raiz","description":"Active Learning School","potentialAction":[{"@type":"SearchAction","target":{"@type":"EntryPoint","urlTemplate":"https:\/\/escolaraiz.pt\/pt\/?s={search_term_string}"},"query-input":{"@type":"PropertyValueSpecification","valueRequired":true,"valueName":"search_term_string"}}],"inLanguage":"pt-PT"}]}},"_links":{"self":[{"href":"https:\/\/escolaraiz.pt\/pt\/wp-json\/wp\/v2\/pages\/27109","targetHints":{"allow":["GET"]}}],"collection":[{"href":"https:\/\/escolaraiz.pt\/pt\/wp-json\/wp\/v2\/pages"}],"about":[{"href":"https:\/\/escolaraiz.pt\/pt\/wp-json\/wp\/v2\/types\/page"}],"author":[{"embeddable":true,"href":"https:\/\/escolaraiz.pt\/pt\/wp-json\/wp\/v2\/users\/1"}],"replies":[{"embeddable":true,"href":"https:\/\/escolaraiz.pt\/pt\/wp-json\/wp\/v2\/comments?post=27109"}],"version-history":[{"count":6,"href":"https:\/\/escolaraiz.pt\/pt\/wp-json\/wp\/v2\/pages\/27109\/revisions"}],"predecessor-version":[{"id":30736,"href":"https:\/\/escolaraiz.pt\/pt\/wp-json\/wp\/v2\/pages\/27109\/revisions\/30736"}],"wp:attachment":[{"href":"https:\/\/escolaraiz.pt\/pt\/wp-json\/wp\/v2\/media?parent=27109"}],"curies":[{"name":"wp","href":"https:\/\/api.w.org\/{rel}","templated":true}]}}

<div class="wpb-content-wrapper"><p>[vc_row][vc_column][vc_empty_space height=&#8221;60px&#8221;][/vc_column][/vc_row][vc_row css=&#8221;.vc_custom_1483088684231{padding-top: 40px !important;}&#8221;][vc_column width=&#8221;1/2&#8243;][vc_single_image image=&#8221;27514&#8243; img_size=&#8221;full&#8221;][vc_column_text]A Raiz dispõe de um autocarro de 33 lugares e de uma carrinha de 9 lugares para o transporte dos alunos para as atividades fora das instalações. Para números superiores, a Raiz dispõe de uma bolsa de empresas com quem trabalha regularmente e que oferecem todas as condições para um transporte de qualidade e segurança.</p>
<p>Estes autocarros servem também para levarmos o seu filho a casa ao final do dia com todo o conforto e segurança.</p>
<p>Que percurso fazemos? Basta <a href="tel:+351 213 042 080">ligar</a> ou enviar-nos uma <a href="https://escolaraiz.pt/pt/contactos/">mensagem</a>.[/vc_column_text][vc_media_grid grid_id=&#8221;vc_gid:1707305122329-08596e87-0754-10&#8243; include=&#8221;28024,28025,28026,28027,28028&#8243;][/vc_column][vc_column width=&#8221;1/2&#8243;][vc_single_image image=&#8221;27110&#8243; img_size=&#8221;500&#8243;][/vc_column][/vc_row][vc_row full_width=&#8221;stretch_row&#8221; css=&#8221;.vc_custom_1499686198254{padding-top: 20px !important;padding-bottom: 20px !important;background-color: #00457c !important;}&#8221;][vc_column][vc_single_image image=&#8221;27516&#8243; img_size=&#8221;large&#8221; alignment=&#8221;center&#8221; onclick=&#8221;custom_link&#8221; css_animation=&#8221;fadeIn&#8221; css=&#8221;.vc_custom_1500549050555{background-color: #00457c !important;}&#8221; link=&#8221;https://escolaraiz.pt/pt/contactos/&#8221;][/vc_column][/vc_row]</p>
</div>

<p>[vc_row][vc_column][vc_empty_space height=&#8221;60px&#8221;][/vc_column][/vc_row][vc_row css=&#8221;.vc_custom_1483088684231{padding-top: 40px !important;}&#8221;][vc_column width=&#8221;1/2&#8243;][vc_single_image image=&#8221;27514&#8243; img_size=&#8221;full&#8221;][vc_column_text]A Raiz dispõe de um autocarro de 33 lugares e de uma carrinha de 9 lugares para o transporte dos alunos para as atividades fora das instalações. Para números superiores, a Raiz dispõe de uma bolsa de empresas com quem trabalha regularmente e que oferecem todas as condições</p>

<!-- This site is optimized with the Yoast SEO plugin v27.5 - https://yoast.com/product/yoast-seo-wordpress/ -->
<title>Transporte - Raiz</title>
<meta name="robots" content="index, follow, max-snippet:-1, max-image-preview:large, max-video-preview:-1" />
<link rel="canonical" href="https://escolaraiz.pt/pt/transporte/" />
<meta name="twitter:card" content="summary_large_image" />
<meta name="twitter:title" content="Transporte - Raiz" />
<meta name="twitter:description" content="[vc_row][vc_column][vc_empty_space height=&#8221;60px&#8221;][/vc_column][/vc_row][vc_row css=&#8221;.vc_custom_1483088684231{padding-top: 40px !important;}&#8221;][vc_column width=&#8221;1/2&#8243;][vc_single_image image=&#8221;27514&#8243; img_size=&#8221;full&#8221;][vc_column_text]A Raiz dispõe de um autocarro de 33 lugares e de uma carrinha de 9 lugares para o transporte dos alunos para as atividades fora das instalações. Para números superiores, a Raiz dispõe de uma bolsa de empresas com quem trabalha regularmente e que oferecem todas as condições" />
<meta name="twitter:label1" content="Tempo estimado de leitura" />
	<meta name="twitter:data1" content="1 minuto" />
<script type="application/ld+json" class="yoast-schema-graph">{"@context":"https:\/\/schema.org","@graph":[{"@type":"WebPage","@id":"https:\/\/escolaraiz.pt\/pt\/transporte\/","url":"https:\/\/escolaraiz.pt\/pt\/transporte\/","name":"Transporte - Raiz","isPartOf":{"@id":"https:\/\/escolaraiz.pt\/pt\/#website"},"datePublished":"2017-05-29T17:05:19+00:00","dateModified":"2025-05-23T09:34:40+00:00","breadcrumb":{"@id":"https:\/\/escolaraiz.pt\/pt\/transporte\/#breadcrumb"},"inLanguage":"pt-PT","potentialAction":[{"@type":"ReadAction","target":["https:\/\/escolaraiz.pt\/pt\/transporte\/"]}]},{"@type":"BreadcrumbList","@id":"https:\/\/escolaraiz.pt\/pt\/transporte\/#breadcrumb","itemListElement":[{"@type":"ListItem","position":1,"name":"Início","item":"https:\/\/escolaraiz.pt\/pt\/"},{"@type":"ListItem","position":2,"name":"Transporte"}]},{"@type":"WebSite","@id":"https:\/\/escolaraiz.pt\/pt\/#website","url":"https:\/\/escolaraiz.pt\/pt\/","name":"Raiz","description":"Active Learning School","potentialAction":[{"@type":"SearchAction","target":{"@type":"EntryPoint","urlTemplate":"https:\/\/escolaraiz.pt\/pt\/?s={search_term_string}"},"query-input":{"@type":"PropertyValueSpecification","valueRequired":true,"valueName":"search_term_string"}}],"inLanguage":"pt-PT"}]}</script>
<!-- / Yoast SEO plugin. -->

[vc_row][vc_column][vc_empty_space height=&#8221;60px&#8221;][/vc_column][/vc_row][vc_row css=&#8221;.vc_custom_1483088684231{padding-top: 40px !important;}&#8221;][vc_column width=&#8221;1/2&#8243;][vc_single_image image=&#8221;27514&#8243; img_size=&#8221;full&#8221;][vc_column_text]A Raiz dispõe de um autocarro de 33 lugares e de uma carrinha de 9 lugares para o transporte dos alunos para as atividades fora das instalações. Para números superiores, a Raiz dispõe de uma bolsa de empresas com quem trabalha regularmente e que oferecem todas as condições

Início
